5550.
450
What is the greatest common factor of 25 and 330205?
5
What is the highest common divisor of 3298 and 4386?
34
What is the greatest common factor of 15336 and 2214?
54
Calculate the highest common divisor of 18317 and 26.
13
Calculate the greatest common factor of 327 and 12.
3
Calculate the highest common factor of 487456 and 128.
32
What is the highest common divisor of 4368 and 5334?
42
What is the highest common divisor of 59 and 37465?
59
Calculate the greatest common factor of 651 and 6138.
93
Calculate the greatest common divisor of 5150 and 75.
25
Calculate the highest common divisor of 14210 and 12470.
290
What is the greatest common factor of 26868 and 84?
12
What is the greatest common factor of 221880 and 20?
20
What is the highest common factor of 40497 and 9?
3
Calculate the greatest common factor of 143872 and 6656.
512
Calculate the greatest common divisor of 28519 and 1444.
361
What is the highest common factor of 43967 and 33?
11
Calculate the highest common divisor of 145103 and 133.
133
What is the greatest common divisor of 21 and 185019?
3
What is the greatest common factor of 15127 and 1253?
7
Calculate the greatest common divisor of 98394 and 31.
31
What is the greatest common divisor of 10051947 and 153?
153
What is the greatest common divisor of 285966 and 162?
18
What is the greatest common factor of 377952 and 186?
186
Calculate the highest common factor of 70 and 2816065.
35
Calculate the highest common factor of 340 and 669970.
170
What is the greatest common divisor of 480 and 13524?
12
Calculate the greatest common factor of 1177 and 7997.
11
What is the greatest common factor of 3492 and 1116?
36
Calculate the highest common factor of 206479 and 13.
13
What is the greatest common divisor of 2558882 and 76?
38
Calculate the greatest common factor of 359688 and 91.
7
What is the highest common factor of 24 and 80192?
8
Calculate the greatest common factor of 10 and 6595.
5
What is the greatest common factor of 9 and 101?
1
Calculate the highest common divisor of 749 and 448.
7
What is the highest common factor of 4176 and 3712?
464
What is the greatest common divisor of 1440556 and 130?
26
What is the greatest common factor of 428 and 1756?
4
Calculate the greatest common factor of 4731 and 2964.
57
What is the greatest common divisor of 496 and 2672?
16
Calculate the highest common divisor of 265879 and 329.
47
What is the greatest common divisor of 33 and 775511?
11
Calculate the highest common divisor of 3402 and 23184.
126
Calculate the highest common factor of 80 and 5360.
80
Calculate the highest common factor of 156 and 24828.
12
Calculate the greatest common factor of 30 and 17130.
30
Calculate the highest common divisor of 40275 and 24.
3
What is the highest common factor of 1495538 and 22?
22
What is the greatest common factor of 141 and 921059?
47
Calculate the greatest common divisor of 351 and 61373.
13
Calculate the greatest common divisor of 576 and 1108152.
72
What is the highest common factor of 57912 and 2584?
152
What is the greatest common factor of 4005 and 585?
45
Calculate the highest common divisor of 778402 and 524.
262
Calculate the greatest common divisor of 378 and 42147.
189
Calculate the highest common factor of 17064 and 189.
27
What is the greatest common factor of 48997 and 104?
13
Calculate the highest common factor of 324315 and 45.
45
Calculate the highest common factor of 206058 and 4758.
366
Calculate the greatest common divisor of 203 and 25.
1
What is the greatest common factor of 52497 and 2679?
57
Calculate the highest common divisor of 9072 and 2568.
24
What is the greatest common divisor of 2 and 926?
2
What is the greatest common factor of 67 and 135943?
67
What is the highest common divisor of 4560 and 111120?
240
What is the highest common factor of 26023 and 5401?
491
Calculate the highest common factor of 8191467 and 111.
111
Calculate the highest common divisor of 80750 and 95.
95
Calculate the greatest common factor of 48 and 3004236.
12
Calculate the highest common factor of 352 and 71478.
22
Calculate the greatest common factor of 1382749 and 58.
29
What is the greatest common divisor of 2419440 and 40?
40
What is the highest common factor of 5073 and 2964?
57
What is the greatest common divisor of 25096 and 128?
8
What is the greatest common factor of 53208 and 2?
2
Calculate the highest common factor of 61841 and 16013.
67
What is the highest common factor of 1344 and 486432?
96
What is the highest common factor of 352 and 76912?
176
Calculate the greatest common divisor of 21228 and 812.
116
What is the highest common factor of 50692 and 580?
116
Calculate the greatest common factor of 4053 and 4137.
21
What is the greatest common divisor of 10128 and 636?
12
Calculate the greatest common divisor of 8317080 and 324.
324
Calculate the highest common divisor of 42733 and 9056.
283
What is the greatest common factor of 976 and 7061360?
976
Calculate the greatest common divisor of 787050 and 900.
450
What is the greatest common divisor of 714 and 9690?
102
What is the greatest common factor of 309 and 54693?
309
Calculate the highest common factor of 4279673 and 101.
101
Calculate the greatest common divisor of 238080 and 2304.
768
Calculate the highest common divisor of 65 and 58864.
13
What is the highest common divisor of 8 and 25876?
4
What is the highest common factor of 10748856 and 1416?
1416
Calculate the highest common divisor of 1835544 and 48.
24
What is the highest common divisor of 120 and 31630?
10
Calculate the greatest common factor of 901 and 424.
53
Calculate the highest common factor of 165013 and 31.
31
What is the greatest common divisor of 395 and 21804?
79
Calculate the greatest common factor of 2127960 and 1285.
1285
What is the greatest common factor of 30315 and 840?
15
What is the greatest common divisor of 256 and 1739?
1
Calculate the highest common divisor of 1412 and 3.
1
Calculate the greatest common factor of 153885 and 285.
15
What is the greatest common divisor of 453663 and 57?
57
What is the highest common divisor of 14209 and 13?
13
What is the greatest common factor of 176110 and 22?
22
What is the greatest common divisor of 226 and 102265?
113
Calculate the highest common factor of 9323 and 32.
1
What is the highest common divisor of 53365 and 65?
65
What is the greatest common factor of 18204 and 36?
12
Calculate the highest common factor of 43 and 1247.
43
What is the highest common factor of 54625 and 92?
23
Calculate the highest common divisor of 6327 and 151449.
57
Calculate the greatest common factor of 102568 and 40.
8
Calculate the greatest common factor of 1476 and 972.
36
What is the highest common divisor of 12096 and 2464?
224
Calculate the highest common factor of 528 and 3870.
6
Calculate the greatest common divisor of 56576 and 1105.
221
What is the greatest common divisor of 64127 and 7?
7
What is the highest common factor of 504455 and 6461?
497
Calculate the highest common factor of 95 and 414485.
95
What is the greatest common factor of 452 and 593?
1
Calculate the greatest common factor of 5705092 and 2168.
1084
What is the greatest common factor of 29 and 2143?
1
What is the highest common factor of 5301 and 80028?
171
What is the greatest common divisor of 9253 and 41395?
487
Calculate the greatest common factor of 240 and 79752.
24
What is the greatest common divisor of 5740 and 7294?
14
What is the greatest common factor of 244 and 756949?
61
Calculate the greatest common factor of 21 and 4951716.
21
What is the greatest common factor of 387 and 4829373?
387
What is the highest common divisor of 16878 and 12222?
582
What is the highest common divisor of 1349 and 1121?
19
Calculate the greatest common factor of 5800718 and 1078.
1078
What is the highest common factor of 624 and 70239?
39
What is the greatest common divisor of 62780 and 60?
20
What is the highest common divisor of 6 and 6330?
6
Calculate the highest common divisor of 1980 and 700.
20
What is the highest common factor of 55520 and 120?
40
What is the greatest common divisor of 465 and 2430?
15
Calculate the greatest common divisor of 490833 and 98.
49
Calculate the highest common factor of 12256 and 96.
32
What is the gr